tors of k.
23
Let k(b) = 2*b**3 - 13*b**2 + 21*b - 3. List the prime factors of k(7).
193
Suppose 2*c - 3*z = -4*z, 4*c - 5*z + 14 = 0. Let f be c + 2 - 3 - -13. Let a = f - -16. List the prime factors of a.
3
Let i(n) = -n**3 - 6*n**2 - 8*n - 6. Let t be i(-4). Let g(w) = -4*w - 5. List the prime factors of g(t).
19
Suppose 676 = 3*o - 6*w + 5*w, 0 = -2*o - 3*w + 436. List the prime factors of o.
2, 7
Let m = -1322 - -1388. List the prime factors of m.
2, 3, 11
Suppose -g + 4*b + 42 = -b, -2*g + 4*b + 60 = 0. Let n = 27 - g. Suppose -n*d = -40 - 40. List the prime factors of d.
2
List the prime factors of (4544/14)/(92/322).
2, 71
Suppose 2*g - 3*o = 1601, 7*o - 2439 = -3*g + 4*o. What are the prime factors of g?
2, 101
Suppose 33*z - 31*z = 10. Suppose 338 = 3*p - 4*s, 0 = -5*p + 3*s - z*s + 520. What are the prime factors of p?
2, 53
Let n(b) = b**2 + 13*b + 12. Let p be n(-13). Let h = p - 8. Suppose h*x - x = 168. What are the prime factors of x?
2, 7
Suppose -193*j = -190*j - 3297. List the prime factors of j.
7, 157
Let x be (-1 + 0)*(1 - 4). Suppose 0 = -0*z - x*z - h - 42, 4*z + 2*h = -54. Let y = 17 + z. List the prime factors of y.
2
Suppose 20 = 5*r - 0, -32 = -4*k - 4*r. Suppose -p - 3*p - 129 = -5*n, 0 = -p + k*n - 35. Let t = -7 - p. What are the prime factors of t?
2, 3
Let v(g) = 11*g**3. Let i be v(-1). Let b(t) = -3*t**2 - 5*t + 2. Let o be b(2). Let s = i - o. What are the prime factors of s?
3
Suppose 9*q = 11*q - 10. Suppose q*w + o = -o + 570, 3*o + 363 = 3*w. List the prime factors of w.
2, 29
Let z be 2/(-3)*(-45)/10. Suppose -132 = -z*g - 0*g. Let q = 81 - g. What are the prime factors of q?
37
Suppose 0 = 3*k - 52*u + 57*u - 4022, 3*k + 4*u = 4021. What are the prime factors of k?
13, 103
Let o = 91 + -87. Suppose -195 = -o*z + 69. List the prime factors of z.
2, 3, 11
Suppose 1970 = 2*s + 4*t, -3*s + 2008 + 957 = t. What are the prime factors of s?
23, 43
List the prime factors of ((-5)/(-3))/(7 + 7727/(-1104)).
2, 5, 23
Let m(i) = i**2 - 14*i + 15. Let z be m(13). Suppose -h = z*h + 12. Let l(g) = -2*g + 8. What are the prime factors of l(h)?
2
Suppose 10*j = 5*j + 55. Suppose 3*s = -5*i - 43, -s - 9 - j = -4*i. Let m = s + 39. List the prime factors of m.
23
Let w = -1622 + 2456. What are the prime factors of w?
2, 3, 139
Suppose -7*h + 6 = -5*h. Suppose 8*x - 35 = h*x. What are the prime factors of 310/6 + x/21?
2, 13
Let s = 107 - -106. List the prime factors of s.
3, 71
Suppose 0 = -z + 8*z - 350. Suppose z = o - 4. List the prime factors of o.
2, 3
List the prime factors of 160115/(-62)*6/(-5).
3, 1033
Let d(c) = -3*c**2 - 34*c - 31. Let l(q) = -2*q**2 - 23*q - 21. Let v(m) = -5*d(m) + 7*l(m). Let i be v(-9). Suppose i - 3 = r. List the prime factors of r.
5
Let n(m) = 2*m**3 - 21*m**2 + 12*m - 9. Let p be n(10). Let b(g) = g**3 + 3*g**2. Let a be b(-2). Suppose p + a = t. What are the prime factors of t?
3, 5
Suppose -7*a - 4*a = -18084. List the prime factors of a.
2, 3, 137
Let f(w) = -w**3 + 22*w**2 - 20*w + 11. Let i be f(21). Suppose 1 = c - 2. Suppose 43 = c*a - i. What are the prime factors of a?
5
Let l(t) = -t**2 - 2*t - 1. Let c be l(-1). Suppose 0 = -c*w + w. Suppose -117 = -3*i + 2*h, 0 = -w*h + 2*h + 6. List the prime factors of i.
37
Suppose 0 = -18*h + 33*h - 3300. List the prime factors of h.
2, 5, 11
What are the prime factors of (-2)/(-5) - 327966/(-235)?
2, 349
Let j = -41 - -19. Let o = 205 + j. List the prime factors of o.
3, 61
Suppose -14*k - 5975 = -15635. What are the prime factors of k?
2, 3, 5, 23
Let v = -14046 - -2326. Let s be 2/(-15) - v/150. Suppose -6*m = -7*m + s. What are the prime factors of m?
2, 3, 13
Let w be 0*-4*((-21)/(-12))/(-7). Suppose -5*t = -2*g + 457, w*g + 236 = g + 5*t. List the prime factors of g.
3, 7, 11
Let s(t) = 2*t**2 + 1. Let y be s(1). Suppose 0 = 4*k - y*k - 5*u - 27, 0 = -2*k - 4*u + 54. What are the prime factors of (-4)/(-4)*3 + k?
2, 3, 5
Suppose 4*q = 7*q - 9. Suppose 0 = q*d - 80 - 181. Let u = d + -40. List the prime factors of u.
47
Let n(f) = 15 - 4*f - f + 2*f + 4*f. Let z be 3/(-5) + 3/5. What are the prime factors of n(z)?
3, 5
Let x(i) = 2*i**3 - 4*i**2 + 9*i - 4. Let k(z) = 2*z**3 - 4*z**2 + 8*z - 4. Let j(r) = 4*k(r) - 3*x(r). List the prime factors of j(4).
2, 5
Let w = 4969 - 974. What are the prime factors of w?
5, 17, 47
Let c be (-5)/(-1) + (16 - 13). Suppose -20 = 4*p - c*p. Suppose -4*w = -p*w + 64. What are the prime factors of w?
2
Suppose t = 4*r + 3*t, 0 = -5*r - t + 3. Let p be -3 - (0 + r)/1. What are the prime factors of 24 - (p - -1)*1?
3
Suppose 5*h + 2*a = 50, -2*h + 3*a + 9 = h. Suppose 257 + 543 = -h*j. What are the prime factors of 2/((-8)/j*1)?
5
Let o be (-205)/(-2) - 2/4. Let y = 171 - o. What are the prime factors of y?
3, 23
Let b(a) = 6*a**3 + 1. Let p be b(2). Suppose -62 = -3*t + p. What are the prime factors of t?
37
Let r(t) = -t**2. Let k(y) = 6*y**2 + 5*y - 8. Let b(j) = -k(j) - 5*r(j). Let p be b(-6). What are the prime factors of p + 2/(-2) - -12?
13
List the prime factors of ((-27)/5)/(3/(-10)).
2, 3
List the prime factors of (-6)/4*258844/(-489).
2, 397
Let l be 40*4/(-20)*2. Let n = 21 + l. Suppose 0 = -n*q + 53 + 122. What are the prime factors of q?
5, 7
Let f(a) = a**3 + 5*a**2 + 2*a + 3. Suppose 0*z + 2*z + 8 = 0. Let b be f(z). Let d = 25 - b. List the prime factors of d.
2, 7
Let f = -96 + 141. Suppose -5*j - 4*a = -207, -3*j + 2*j = 2*a - f. What are the prime factors of j?
3, 13
Let o(u) = -7*u - 23. Let h = 19 - 14. Suppose h = 5*f + 60. What are the prime factors of o(f)?
2, 3
Suppose -5*j - 2577 = -3*n, -4*n - 4*j + 862 = -2574. List the prime factors of n.
859
Suppose -233*a = -235*a + 1744. List the prime factors of a.
2, 109
What are the prime factors of (-5 - -4)*602/(-2)?
7, 43
Let c(o) = -o**3 - 4*o**2 + 1. Let l be ((-6)/3 - 0) + -1. Let w be c(l). What are the prime factors of 2/w + 18/8?
2
Let z(j) = 2*j**2 + j - 3. Let g be z(-2). Let r be (10 - -1)/((-1)/g). Let s = -29 - r. List the prime factors of s.
2
Suppose -45*c = -44*c - 5. Suppose 5*v + c*m + 301 - 1696 = 0, 3*v - 839 = -m. What are the prime factors of v?
2, 5, 7
Suppose -4*u + 86 = 2*q, u = 2*q + q - 143. Let l = 47 + q. List the prime factors of l.
2, 47
Suppose -4*k + 104 = -5*i, 24*k = 29*k + 2*i - 163. Suppose 4*u - 2 = 6. Suppose -u*r + 1 = -k. What are the prime factors of r?
2
Let f = 74 - 46. Suppose -n + f + 83 = 0. List the prime factors of n.
3, 37
Let c = -24 - -29. Let l be (-17)/2*(c - 9). Suppose f - l = 9. List the prime factors of f.
43
Suppose -2*t + 224 - 44 = 0. Let n(c) = -c**3 + 35*c**2 + 11*c - 383. Let i be n(35). What are the prime factors of 2/2*t/i?
3, 5
Suppose 0 = -3*a - p - 6, -3*p - 3 + 1 = a. What are the prime factors of 53 - a - (1 - 1)?
5, 11
Suppose -11 = -4*j + 1, 0 = 3*o + 5*j - 363. Let g = o - 40. What are the prime factors of g?
2, 19
Let m(y) = -y**3 + y**2 + y - 1. Let v(i) = -2*i**2 - 8*i - 2. Let h(r) = -r. Let w(l) = -4*h(l) + v(l). Let p be w(-2). What are the prime factors of m(p)?
3
Let v(p) = 89*p**2 + 4*p + 3. List the prime factors of v(3).
2, 3, 17
Suppose 0 = 244*b - 243*b - 795. List the prime factors of b.
3, 5, 53
Let x be 1 + -2 - (-44 - -2). Let v be (2 - x)/(-3) + 2. Suppose -v = 6*c - 9*c. List the prime factors of c.
5
Let u(p) = p**3 - 3*p**2 - 5*p + 4. Let j be u(4). Suppose 0 = -4*g - j*g - 12. What are the prime factors of 19*(-3 + 0)/g?
19
Let b(z) = 15*z**3 - z**2 + 2*z + 2. Let u be 6/9*(-9)/6. Let k be b(u). What are the prime factors of (k/5)/(6/(-90))?
2, 3
Let l(v) = 4*v**2 + 1. Let s(y) = -y**3 - y**2 + y - 1. Let x be s(0). Let p be l(x). Suppose m = p*m - 56. List the prime factors of m.
2, 7
Let j be (-2)/3 - (-28)/6. Suppose 0 = -2*o - 5*i - 0 + 6, 5*i = -j*o + 22. List the prime factors of (-14 + o)/(4/(-26)).
3, 13
Let o(j) = -j**3 - 21*j**2 - 22*j - 11. Suppose 2*m = -2*x - 48, 5 - 65 = 2*m + 5*x. List the prime factors of o(m).
29
Let o = 2075 - 1353. What are the prime factors of o?
2, 19
Let b(h) = -6*h**3 + h**2 - 2*h - 1. Let m be b(-2). Let g(v) = -v**3 + 18*v**2 + 4*v + 10. Let p be g(18). Let f = p - m. List the prime factors of f.
3
Let v(r) = -50*r**3 + r**2 + r. What are the prime factors of v(-2)?
2, 3, 67
What are the p